9) - 69
-28
Calculate (10 + -18 - 10) + -6 + 3.
-21
What is the value of -21 - ((6 - (4 + -15 - -1)) + -5)?
-32
32 + -70 + 36 + -11
-13
Evaluate -14 + (0 - (-1 + 0)) - (-443 - -441).
-11
Evaluate (1 - (-2 - -2)) + 6 + 1.
8
What is the value of 17 - (11 - 1 - (15 - (0 - -12)))?
10
(-11 + 19 - (-7 + 17)) + (30 - 1)
27
Calculate (-30 - (-42 + 6)) + -1 + -18.
-13
Evaluate 76 - (44 + 16) - (1 - -1).
14
Calculate (-8 - 3) + (-8 + 10 - 20 - -7).
-22
22 + 14 + -21 + -34 + -1
-20
Evaluate 11 + -2 + (31 - (31 + -6)).
15
What is 6 - 2 - (38 - 25)?
-9
What is the value of 7 - (-5 - 1 - (427 + -465))?
-25
Evaluate 7 + -21 + 9 - (2 + (-7 - -1)).
-1
Evaluate (19 - (0 + 22)) + -13.
-16
What is (3 - 7) + (-3 - -4 - 5)?
-8
What is the value of 3 + (-27 - (-4 + -1)) + 38 + -30?
-11
Calculate (-10 - 37) + 14 + 55.
22
Calculate 0 - (-4 + -8 + (13 - 2)).
1
What is the value of (-2 - (-8 - -9 - (-2 - 1))) + 14?
8
(-4 - -6 - -3) + (-15 - -16 - -23)
29
Calculate (-2 - 9) + (-18 - (27 - 58)).
2
What is 20 + (-27 - (13 - 25))?
5
Calculate 3 + (-4 - (-3 - 12) - 14).
0
What is the value of (1 - 2) + 6 + 3 + (-4 - -2)?
6
What is the value of (20 - (3 + 29)) + -1 + -1 + 0?
-14
-22 + 1 - (-1581 - -1558)
2
What is the value of 6 + 4 + 95 + -103?
2
(-16 - (-39 - -16)) + -26 + -1 + -1
-21
What is -3 + 2 + (4 - (0 - 0)) + -12?
-9
-6 + (-11 - -35) - 13
5
Calculate (71 - 99) + (4 - 8 - (3 + -8)).
-27
3 - (-23 + (-13 - -28))
11
Calculate -7 - ((19 - 2) + -18 + (-1 - -2)).
-7
Calculate -619 - -631 - (5 + -1).
8
Calculate -4 - (-1 - 5 - -14).
-12
3 + 14 + (130 - 164)
-17
Evaluate 10 - ((-6 - -6) + -4).
14
Evaluate (-5 - -1) + (25 - (12 - -9)) - -7.
7
What is (0 - (6 + 2 + 3)) + 32?
21
Evaluate -17 - (-26 - -8 - -8).
-7
What is the value of -5 + 1 + (-2 - (-4 + 3)) - -11?
6
Calculate -2 + (10 - 1) + (-2 + -3 - -1).
3
What is the value of 4 - (-6 - 2 - -6)?
6
What is -33 + -26 + -5 + 92?
28
16 + (-6 - (0 - 5 - -12 - 4))
7
Evaluate -3 + -1 + -3 + (13 - 5) + -5.
-4
Evaluate -2 - -9 - (-6 - (5 + -13)).
5
What is -6 + (1 - -12 - 23 - (1 + -2))?
-15
Calculate 39 + (-19 - 27) + -2 + 0 + 28.
19
What is -3 - (10 + (-8 - (-7 + -5)))?
-17
Calculate 3 + (-14 + -8 - (-1 - -5)) + 2.
-21
What is 1 + (-2 - 2) + 1 - (-6 - -18)?
-14
Calculate 43 - (8 - -13) - 37.
-15
What is the value of 11 + (3 - 6) - (17 - -1)?
-10
What is -5 - (-13 - (-13 + 8))?
3
What is the value of (-4 - (22 + -23)) + 23?
20
Evaluate 38 + (-17 - 10 - -6).
17
What is the value of (0 - -3 - (3 + 2)) + 3?
1
What is the value of 2 - (-4 + (-4 - -3) - -15) - 0?
-8
What is 1 + 0 + (-5 + 2 - 3) + 3?
-2
Calculate (-5 + 10 - 9) + -1 + 17.
12
What is the value of 9 + (-102 - -69 - (0 - 12))?
-12
Calculate 7 + -1 + (-17 - (-18 - -10)) + 25.
22
Calculate (-6 - 0 - -12) + -49 - -19.
-24
What is the value of (14 + (-45 - -10) - -13) + 2 + -10?
-16
Evaluate -1 + -5 + (0 - (-6 + 5)).
-5
Calculate -4 + 4 - (-5 - (-17 + -5)) - -3.
-14
What is the value of (882 - 897) + (6 - 1)?
-10
Evaluate (3 - 3) + -1 + -7 + -14 + 14.
-8
(-1 - 2) + 7 - (-10 + 3)
11
-7 + 0 + (-2 - -2) - -5
-2
2 + -8 + 10 + -1 + 8 + -18
-7
Evaluate -4 + -6 + -7 + 10 + 11.
4
Evaluate 13 + -13 + (25 - (-3 + 1 + -7)).
34
What is 11 - 9 - (-12 - -4) - -1?
11
Calculate (15 - 17) + 22 + -10.
10
0 - 0 - (-13 - (2 - 1)) - 4
10
7 + -4 + 4 + -16 + 0 - -5
-4
What is (-12 - -15 - -11) + (-33 - 19)?
-38
Calculate (1 - (-4 + 11) - -5) + 7.
6
-1 + -8 + -2 + 11 + (-5 - 1)
-6
Calculate (-1 - 8) + (1 - 1) - (332 + -325).
-16
What is (9 - 7) + -6 - (-79 - -70)?
5
Evaluate -5 + -16 + 20 + 11.
10
Evaluate -9 + (-7 - -7) - (1 + -1 - -7).
-16
Calculate 44 + -53 + (3 - (0 - 8)).
2
What is 9 + (-34 + 40 - (3 + -3 + 2))?
13
Calculate (8 - (7 + 4 - 1)) + -11.
-13
What is (-61 - -33) + 20 + (6 - (-1 + 1))?
-2
What is (2 - 5 - -23 - (142 - 138)) + 4?
20
What is -6 + 3 + 1 + -4 + (-8 - -4)?
-10
What is (-9 - -19) + -2 + -2 + -33?
-27
What is the value of (-23 - 8) + 11 + -11 + 8?
-23
What is the value of 12 + (4 - 1) + -17?
-2
What is 5 - (-11 - -12 - 4 - (2 - 5))?
5
Calculate (-31 - (25 + -35)) + 31.
10
Evaluate -19 - (3 + 4 + (-4 - 2)).
-20
What is (8 - 0) + (-20 + (-6 - -15) - -8)?
5
23 + -19 + -11 - -9
2
What is the value of -32 + 8 - (9 + -1 - 16)?
-16
41 + -48 + 42 - 54
-19
Calculate (15 - 2 - 6) + -1 + -11 - 2.
-7
Calculate 35 - (-20 - -36) - 10.
9
Calculate -265 + 269 - ((7 - 0) + -1) - -3.
1
What is the value of 5 - (9 + 29) - -20?
-13
What is the value of (12 - 4) + -3 - (18 + -7 - 4)?
-2
What is (-1 - 5) + (-5 - -32)?
21
What is 2 - 2 - (-5 + -2 + (15 - 5))?
-3
What is the value of 3 + -1 + 18 + -5?
15
(-6 + 1 - (-18 + -15 + 30)) + 10
8
2 + 5 + (3 - 17)
-7
What is the value of -23 + (-1 + (4 - 2) - -6 - 6)?
-22
What is (-13 + 19 - 7 - 17) + -1 + 3?
-16
What is 35 + -50 - (-3 + (-2 - -4 - 0))?
-14
Evaluate (-1 - 7 - 1) + 20 - -3.
14
What is the value of -10 + 21 + (-14 - -27)?
24
-2 + -3 - (-3 + (6 - 16))
8
-56 + -2 - -32 - -9
-17
Calculate (1 - 3) + -9 - -3.
-8
What is the value of 1 + -4 + (-3 + 1 - 2) - 5?
-12
Evaluate 0 + 3 + (-1 - 0) - (-3 + 5).
0
Evaluate 1 + 31 + -16 + -1.
15
What is -1 + 12 + 2 + -28?
-15
Calculate -4 + -51 + 27 - -46.
18
18 - (5 + -20 + 44)
-11
What is the value of 0 + -9 - (26 + (-10 + -18 - -10))?
-17
-27 + 32 + 5 + 2 + 2 + 0
14
Evaluate -30 + 5 + (-11 - (2 + -15)).
-23
What is (-19 - -17 - -14) + -7?
5
What is (2 - 1) + 98 + -99 - -6?
6
2 + -2 - (12 + -3 + 2)
-11
What is -12 - (-36 + (-7 - -16))?
15
Calculate -185 + 174 - (2 - 29).
16
-16 + (2 - (-2 + -8))
-4
What is the value of -2 + -5 + (-31 - (18 - 36))?
-20
What is 18 + 22 + -27 + 7?
20
Evaluate 631 - 604 - (8 + 1 + -1 + 0).
19
Evaluate (42 - 1) + (302 - 340).
3
What is the value of 1 + (-20 - -10) + 12?
3
Evaluate (8 - 2) + (-4 - (12 + 2) - -27).
15
What is 8 + 4 + (-11 - -3 - 19)?
-15
What is (6 - (0 - 1)) + (67 - 57 - 35)?
-18
What is the value of 0 + 25 + -2 - ((14 - -4) + -14)?
19
What is the value of -11 - (10 - (11 - 10) - 4)?
-16
-2 - -3 - (13 + -19)
7
What is the value of (-1 - 7 - (-13 + 12)) + 18?
11
What is 15 - 8 - (2 + 7)?
-2
(-2 - (0 - (4 + 1))) + (-3 - 4)
-4
Evaluate -23 - (-5 + 13 + -7) - -2.
-22
-7 + -3 + 12 + (-8 - -7)
1
Evaluate (-4 - -7) + -12 + 12 - 5.
-2
What is (-11 - -6 - (-1 - -4 - 11)) + -21?
-18
Calculate -6 + -14 + (-16 - -23).
-13
What is -3 + (11 - (8 - ((8 - 3) + 1)))?
6
Evaluate 6 + 1 - (27 + -3 - (24 - 12)).
-5
-7 + 9 + 36 - (36 - 22)
24
Calculate -24 + 2 - ((9 - -3) + (3 - 17)).
-20
Calculate 12 + -24 + 4 + 21 + (-2 - 1).
10
Calculate -26 + (4 - (-3 - (1 - -4))).
-14
2 - (-10 - (-3 + -10) - 0)
-1
Calculate 18 + -20 + 5 - -10.
13
3 + (7 + 0 - 7)
3
What is (-157 - -145) + -7 + -5 + -5?
-29
Calculate (3 - (0 - -12)) + (6 - 7).
-10
What is the value of -25 + (20 - -5) - 30?
-30
What is the value of (18 + -23 - (2 + 3)) + -7?
-17
9 + (-7 - (8 - -5 - -5))
-16
What is (6 - 6) + (4 - -1) - (-172 - -186)?
-9
Evaluate -7 + -15 - -1 - -12.
-9
Calculate (-1 - -19) + (14 - (1 + 5)) + -8.
18
What is the value of (1076 - 1080) + (1 - (7 + -1 + -2))?
-7
7 + 5 + -15 - -13
10
Calculate (0 - 2) + (5 + -3 - 10).
-10
Evaluate 43 + -52 + 0 + 2 - -21.
14
What is 7 - ((-5 - 0) + 4)?
8
(17 - 16) + 4 + -9
-4
Calculate (9 + -14 - 1) + (-4 - -1 - -9).
0
15 + (4 - 9) + -10 + 6
6
-7 - -20 - (-5 + 12)
6
What is the value of -5 + (-24 + 0 - -41)?
12
-6 + (1 - 0) - ((-26 - -28) + -5)
-2
Calculate (9 - 0 - (-30 + (-27 - -52))) + -5.
9
What is the value of -1 + 5 + (1 + -5 - (1 - 2))?
1
Evaluate -6 - (-2 - (-3 - 0) - (3 + 10)).
6
-754 + 760 + (-1 - 26)
-21
-3 + (5 - 2) - 6 - (-392 + 354)
32
Evaluate -22 + (-3 - (10 - 23)) + 9.
-3
What is the value of (12 + -18 - -3 - (1 + -7)) + 6?
9
Calculate -1 + 9 - (-12 + (22 - (1 - -9))).
8
7 + -1 + 6 + -14
-2
Calculate 14 + (-1 - 2 - 1) + (2 - 14).
-2
What is the value of (-19 - -39) + -53 + 30?
-3
6 + (2 - 1) + -1 + (-2 - 9)
-5
What is 11 + (10 - 53) + 25?
-7
Evaluate (6 - (-7 + 15)) + 13.
11
What is the value of 18 + 6 + -11 - (7 + (0 - -2))?
4
What is the value of 3 - (39 + -44 + (-7 - 1))?
16
What is 12 - -6 - ((-13 - -7) + 4)?
20
5 + (-9 + 17 + -7 - (15 + -16))
7
What is the value of 9 - (20 - (7 - 14) - 9)?
-9
What is -84 + 66 + 42 + -6?
18
What is the value of -2 + 2 - (-14 - -2)?
12
Evaluate 22 + 3 + -25 + 12.
12
What is (-1 - 1) + (0 - 3 - 2) - 5?
-12
0 - (14 - 3 